56603 prime?
True
Is 1045763 a prime number?
True
Is 79886329 a prime number?
False
Is 691787 a prime number?
True
Is 2456039 prime?
False
Is 562013 prime?
False
Is 325207739 a prime number?
False
Is 98658377 a prime number?
False
Is 399851 composite?
False
Is 679781643 composite?
True
Is 2067393 composite?
True
Is 9105491 a prime number?
True
Is 750358721 a prime number?
False
Is 7876291 a composite number?
False
Is 10272247 prime?
True
Is 79154617 a prime number?
True
Is 51474697 a composite number?
False
Is 3820727 composite?
False
Is 7617189 composite?
True
Is 52567 a prime number?
True
Is 14080049 a prime number?
False
Is 386986043 a prime number?
True
Is 1187303 a composite number?
True
Is 12252469 composite?
False
Is 9757441 composite?
False
Is 7497719 composite?
True
Is 27244229 a composite number?
False
Is 19423273 composite?
False
Is 16657051 a composite number?
True
Is 26821309 a composite number?
False
Is 24919859 a composite number?
False
Is 6192931 a prime number?
False
Is 46966163 a composite number?
False
Is 76241926 composite?
True
Is 4387517 a prime number?
True
Is 7119103 prime?
True
Is 41800427 composite?
False
Is 491818 a prime number?
False
Is 2515217 a prime number?
False
Is 166826123 prime?
True
Is 191539541 prime?
True
Is 58308371 a prime number?
False
Is 10265419 prime?
False
Is 18043057 composite?
False
Is 315222591 a prime number?
False
Is 295663 composite?
False
Is 2807587 composite?
True
Is 475024233 composite?
True
Is 6304993 composite?
False
Is 1810199 a composite number?
False
Is 983407 prime?
True
Is 56764663 prime?
True
Is 27223183 a prime number?
False
Is 58353859 composite?
False
Is 303677033 prime?
False
Is 339530897 a composite number?
True
Is 25739137 prime?
True
Is 551062 prime?
False
Is 319267159 a prime number?
True
Is 38162123 a composite number?
False
Is 25391507 a prime number?
False
Is 372542 composite?
True
Is 7113023 a prime number?
True
Is 37779127 composite?
True
Is 23811253 a prime number?
True
Is 10967111 a composite number?
True
Is 253334687 a composite number?
True
Is 260383 a prime number?
False
Is 9502 prime?
False
Is 65522827 a composite number?
False
Is 949459 prime?
False
Is 263518953 a prime number?
False
Is 2154389 prime?
True
Is 256329739 composite?
True
Is 6362381 a prime number?
False
Is 142426039 a prime number?
False
Is 23568823 prime?
True
Is 84339341 a prime number?
False
Is 140624117 composite?
False
Is 6403399 a composite number?
True
Is 2965029 a prime number?
False
Is 23437651 a prime number?
True
Is 177990317 a composite number?
False
Is 4335329 prime?
True
Is 3334531 prime?
True
Is 4398411 composite?
True
Is 10202831 a prime number?
True
Is 15172867 prime?
True
Is 2834833 prime?
True
Is 322303411 prime?
False
Is 5782277 a composite number?
False
Is 58779137 composite?
False
Is 370987 prime?
False
Is 30487711 prime?
True
Is 805687 a prime number?
True
Is 4090733 a composite number?
False
Is 102536309 a prime number?
False
Is 1664227 composite?
False
Is 48299663 a prime number?
False
Is 927709 a composite number?
False
Is 17241713 a prime number?
False
Is 81469433 prime?
True
Is 27965621 a prime number?
True
Is 107969 a prime number?
False
Is 29944409 a prime number?
False
Is 84792667 prime?
False
Is 184327291 composite?
False
Is 214771951 a composite number?
False
Is 596879 a prime number?
True
Is 7243697 a prime number?
True
Is 9280043 prime?
True
Is 4218739 a composite number?
True
Is 8669867 prime?
False
Is 287441537 a prime number?
True
Is 28851919 composite?
False
Is 10432077 prime?
False
Is 10961931 a prime number?
False
Is 1796667649 a composite number?
True
Is 9885257 a composite number?
True
Is 12374891 composite?
False
Is 26481157 a prime number?
True
Is 69975071 a prime number?
True
Is 2397299 a composite number?
False
Is 34347811 prime?
True
Is 165961 a composite number?
False
Is 91485899 composite?
False
Is 4077551 composite?
False
Is 38099461 composite?
True
Is 89817797 a composite number?
False
Is 15362078 composite?
True
Is 206545919 a composite number?
False
Is 73235287 prime?
True
Is 61454 a composite number?
True
Is 6955987 a prime number?
False
Is 29927009 composite?
True
Is 2136331 a composite number?
True
Is 17952271 prime?
True
Is 10198918 a prime number?
False
Is 1217305 a composite number?
True
Is 43368463 a prime number?
True
Is 3970633 a prime number?
True
Is 349248145 a prime number?
False
Is 6005101 prime?
True
Is 14484233 a prime number?
True
Is 33427379 composite?
True
Is 1357241 a composite number?
True
Is 1052243 a composite number?
True
Is 138036715 a composite number?
True
Is 32525789 composite?
True
Is 252143377 prime?
False
Is 5304713 a composite number?
True
Is 4659673 a composite number?
False
Is 12555443 composite?
False
Is 80087993 a composite number?
False
Is 4057597 prime?
True
Is 70883377 a prime number?
True
Is 32359729 a prime number?
True
Is 1815941 prime?
True
Is 19555933 composite?
True
Is 381719381 prime?
True
Is 6427951 prime?
True
Is 17602903 prime?
True
Is 249826261 a prime number?
False
Is 342101 a prime number?
True
Is 3940127 composite?
False
Is 275944615 a composite number?
True
Is 1378171643 a prime number?
True
Is 16932367 a composite number?
False
Is 45197519 a composite number?
False
Is 3757639 a prime number?
False
Is 8058559 composite?
True
Is 1371151 prime?
True
Is 1007885 a composite number?
True
Is 15749049 a composite number?
True
Is 11866483 composite?
False
Is 2168009 composite?
False
Is 338181845 prime?
False
Is 66587 a prime number?
True
Is 51666463 a composite number?
False
Is 1882623 composite?
True
Is 47574061 a composite number?
True
Is 2601349 a prime number?
True
Is 28637261 composite?
False
Is 36240673 a composite number?
True
Is 230970607 a prime number?
False
Is 1009127 a composite number?
True
Is 123835637 composite?
False
Is 170624717 composite?
False
Is 71676861 prime?
False
Is 29453467 a prime number?
True
Is 23427967 a composite number?
False
Is 2218309 composite?
True
Is 1494271 a composite number?
True
Is 768649889 a prime number?
False
Is 2800729 a prime number?
True
Is 184354271 a composite number?
False
Is 267904409 a prime number?
True
Is 2427917 prime?
False
Is 1923151 prime?
True
Is 112014647 a composite number?
False
Is 8857753 a prime number?
True
Is 78872231 composite?
True
Is 989447 a composite number?
True
Is 5989933 a composite number?
True
Is 18089287 a composite number?
False
Is 6263261 prime?
True
Is 8731133 a prime number?
False
Is 89718119 a prime number?
False
Is 682891 prime?
False
Is 29259359 composite?
False
Is 18201139 a composite number?
True
Is 17634521 a composite number?
False
Is 27494435 prime?
False
Is 76073677 composite?
True
Is 589121 a composite number?
True
Is 39676019 a prime number?
True
Is 920999 a composite number?
False
Is 25179179 prime?
True
Is 176521661 a composite number?
True
Is 77681 composite?
False
Is 386345845 prime?
False
Is 18035917 a prime number?
False
Is 1810901 a composite number?
True
Is 33946817 a composite number?
False
Is 72534067 prime?
False
Is 33287 a prime number?
True
Is 1298551 composite?
False
Is 155457087 composite?
True
Is 3161749 a composite number?
False
Is 294664583 prime?
True
Is 36176743 a composite number?
True
Is 54404453 a prime number?
False
Is 40913843 prime?
True
Is 2583239 composite?
False
Is 59777197 prime?
False
Is 14904177 composite?
True
Is 863521 composite?
False
Is 6099829 prime?
True
Is 4373465 a composite number?
True
Is 1465879 prime?
False
Is 106086923 composite?
False
Is 25813223 composite?
False
Is 41044603 a composite number?
True
Is 13564063 prime?
False
Is 2693641 a composite number?
True
Is 9835709 a prime number?
False
Is 48571643 prime?
True
Is 15419779 a composite number?
True
Is 2273161 composite?
True
Is 59480453 a prime number?
True
Is 382505119 a composite number?
False
Is 70541 a composite number?
True
Is 29606937 composite?
True
Is 271981 prime?
True
Is 30924497 prime?
True
Is 295411 composite?
False
Is 13757503 composite?
False
Is 7552739 a prime number?
False
Is 718862219 a prime number?
True
Is 22573489 composite?
True
Is 136935839 prime?
True
Is 167673523 composite?
True
Is 6899423 a prime number?
True
Is 73257467 prime?
True
Is 4427453 composite?
True
Is 1079123 a composite n